ulate the highest common factor of 170 and 141985.
5
What is the greatest common factor of 7 and 6369937?
7
What is the highest common divisor of 77004 and 1172265?
93
What is the highest common divisor of 3757 and 459394?
13
Calculate the highest common divisor of 616927 and 996038.
367
Calculate the greatest common divisor of 101230770 and 30.
30
Calculate the highest common divisor of 191250790 and 20.
10
What is the greatest common factor of 27634963 and 197?
197
What is the highest common factor of 499017 and 61573?
919
What is the highest common factor of 675 and 39236750?
25
Calculate the greatest common divisor of 15633021 and 6634.
3317
What is the greatest common divisor of 7345 and 522964?
1469
Calculate the highest common divisor of 13860 and 1686069.
693
What is the highest common factor of 575272 and 24?
8
What is the highest common divisor of 7578 and 2757834?
18
What is the greatest common factor of 35352854 and 166?
166
Calculate the greatest common factor of 190 and 9011434.
38
Calculate the highest common factor of 970092464 and 1474.
1474
What is the greatest common factor of 770471331 and 42?
21
Calculate the greatest common factor of 13543 and 1619089.
467
What is the greatest common factor of 1692738 and 3888?
486
What is the highest common divisor of 6032 and 4239638?
26
What is the greatest common factor of 280 and 88554540?
20
Calculate the greatest common factor of 533210 and 284.
142
What is the highest common factor of 24 and 18552348?
12
What is the greatest common factor of 8803 and 884155714?
8803
Calculate the greatest common divisor of 4129635 and 50.
5
Calculate the highest common factor of 270813795 and 105.
105
Calculate the highest common divisor of 2480 and 48834300.
620
Calculate the greatest common factor of 135378110 and 35.
35
What is the greatest common factor of 4583404 and 49?
7
Calculate the highest common divisor of 1652 and 112045248.
1652
What is the greatest common divisor of 27 and 44666451?
27
What is the greatest common factor of 2827194 and 183306?
1338
Calculate the greatest common divisor of 4973 and 535935237.
4973
What is the highest common factor of 19360 and 41898120?
440
What is the highest common divisor of 58842 and 2099286?
126
Calculate the greatest common divisor of 142472 and 6028.
44
What is the greatest common divisor of 13710 and 565766?
914
What is the highest common divisor of 1969620 and 884?
68
Calculate the highest common factor of 408 and 1528656.
24
Calculate the highest common divisor of 46344841 and 129.
43
What is the greatest common divisor of 114070 and 256190?
1870
Calculate the highest common divisor of 466191 and 7667.
187
What is the highest common factor of 4846702 and 194?
194
What is the greatest common factor of 75705 and 214240?
515
Calculate the greatest common divisor of 9153046 and 266.
14
Calculate the highest common factor of 155838426 and 186.
186
Calculate the greatest common divisor of 40 and 9151110.
10
Calculate the highest common factor of 10937916 and 68244.
1452
What is the greatest common divisor of 124599189 and 39?
39
Calculate the greatest common factor of 7462 and 20671.
7
What is the highest common divisor of 72431 and 9?
1
What is the highest common divisor of 4 and 88283408?
4
Calculate the greatest common factor of 42765 and 20595.
15
Calculate the highest common divisor of 36463063 and 7077.
2359
What is the highest common divisor of 28 and 2266228?
4
What is the highest common factor of 5994 and 2834644?
74
Calculate the greatest common divisor of 6155 and 24215.
5
What is the greatest common divisor of 10677639 and 441?
147
What is the highest common divisor of 40 and 3242672?
8
Calculate the greatest common factor of 897105847 and 11.
11
Calculate the highest common factor of 8812792 and 2684.
244
What is the greatest common divisor of 508079 and 1672?
209
What is the highest common divisor of 147642618 and 1146?
1146
Calculate the highest common factor of 142760991 and 3.
3
What is the greatest common factor of 366028 and 3081?
13
Calculate the highest common divisor of 58176183 and 83447.
1703
What is the highest common divisor of 238 and 35072292?
34
What is the greatest common factor of 300308 and 795932?
772
Calculate the greatest common factor of 679938 and 126546.
42
Calculate the greatest common divisor of 1720323 and 495.
99
What is the highest common divisor of 1709792 and 1134623?
3143
What is the greatest common factor of 41909038 and 53006?
3118
Calculate the greatest common factor of 1100 and 38246340.
220
What is the highest common factor of 2090 and 2382391?
209
Calculate the highest common divisor of 45 and 501055.
5
What is the greatest common factor of 1450 and 35945?
5
What is the greatest common factor of 1021512 and 33160696?
10984
What is the highest common divisor of 141100 and 204700?
100
Calculate the highest common divisor of 1280 and 120674200.
40
Calculate the highest common divisor of 31 and 13910537.
31
What is the highest common factor of 2548 and 46896668?
364
Calculate the highest common divisor of 99429 and 25300.
253
What is the highest common factor of 527 and 9044935?
17
What is the greatest common factor of 2210 and 12505285?
1105
What is the highest common divisor of 1006853356 and 34527?
11509
What is the highest common divisor of 948 and 1132165116?
948
What is the greatest common factor of 39 and 5727683?
13
Calculate the greatest common factor of 390 and 5414330.
10
Calculate the greatest common factor of 4207311 and 63.
9
Calculate the highest common divisor of 1170717 and 8798.
53
What is the greatest common divisor of 3623613 and 21?
21
What is the greatest common divisor of 3968 and 150843008?
128
Calculate the highest common factor of 4172256 and 342.
18
Calculate the highest common divisor of 100 and 46516150.
50
Calculate the highest common factor of 6513 and 32316003.
501
What is the greatest common divisor of 146599065 and 2025?
405
Calculate the highest common factor of 2652 and 796926.
1326
What is the highest common factor of 84 and 369207048?
84
What is the greatest common divisor of 368 and 354663772?
92
Calculate the greatest common divisor of 14857 and 511403.
179
What is the greatest common divisor of 1494 and 37849743?
747
What is the greatest common divisor of 2612 and 752304?
4
Calculate the greatest common divisor of 7625456 and 48.
16
What is the greatest common divisor of 7994 and 198311726?
1142
Calculate the highest common factor of 12337 and 7381687.
73
Calculate the greatest common divisor of 14 and 957790680.
14
What is the greatest common divisor of 248223 and 333777?
291
What is the greatest common factor of 4556 and 639852613?
1139
What is the greatest common factor of 6699 and 144324213?
957
Calculate the highest common factor of 13919202 and 1749.
33
What is the greatest common divisor of 679076276 and 164?
164
What is the highest common divisor of 17 and 6785227?
17
What is the highest common factor of 20308700 and 116?
116
What is the greatest common divisor of 1673123 and 2771?
17
What is the greatest common factor of 343 and 144974781?
343
What is the highest common divisor of 60 and 154235460?
60
What is the highest common divisor of 41081693 and 3771?
419
Calculate the greatest common factor of 33432 and 133784.
56
What is the greatest common factor of 31180191 and 105?
21
Calculate the highest common factor of 5942704 and 2624.
656
Calculate the greatest common factor of 18988625 and 2125.
125
Calculate the greatest common divisor of 12 and 5163414.
6
What is the highest common divisor of 65020 and 6427227?
3251
Calculate the highest common factor of 115942 and 2281604.
58
What is the greatest common factor of 110633637 and 186?
93
What is the highest common factor of 42403098 and 114?
114
Calculate the highest common factor of 83286548 and 8.
4
Calculate the highest common factor of 204320 and 11420.
20
What is the greatest common factor of 82602 and 487422?
234
What is the highest common divisor of 748 and 15812788?
68
What is the highest common divisor of 2640 and 28746740?
220
Calculate the highest common divisor of 3070 and 244955.
5
What is the greatest common factor of 32876026 and 2138?
2138
What is the highest common divisor of 128